nvert -2a231 (base 15) to base 11.
-92889
What is -2431220 (base 7) in base 3?
-120202111022
Convert 86360 (base 11) to base 12.
6079b
What is -9baaa (base 12) in base 13?
-73408
What is 1200312122 (base 4) in base 6?
12300322
What is -37604 (base 16) in base 11?
-145460
938a92 (base 12) to base 4
20311230032
Convert -238088 (base 10) to base 2.
-111010001000001000
-120002001220211 (base 3) to base 11
-4582902
Convert -274ad6 (base 14) to base 13.
-386c83
What is -16410311 (base 8) in base 3?
-21011100000012
Convert -10311212 (base 5) to base 11.
-6038a
-1203230200 (base 4) to base 10
-408352
-163601 (base 7) to base 5
-2020122
Convert 1440121412 (base 5) to base 13.
a426b7
Convert -354551 (base 6) to base 7.
-156016
-2312030 (base 6) to base 12
-58616
-131020 (base 6) to base 2
-10111001110100
Convert -245589 (base 14) to base 9.
-2305560
What is -3212010332 (base 4) in base 12?
-395452
What is 2114023 (base 6) in base 10?
103263
What is 205577 (base 9) in base 13?
43825
Convert -167804 (base 16) to base 11.
-916361
What is 100442401 (base 6) in base 7?
20406214
What is -2490a (base 16) in base 13?
-5322a
c225a2 (base 14) to base 7
106365162
-bab9ca (base 14) to base 8
-30117676
-19344 (base 15) to base 4
-103331023
What is -c0dc (base 16) in base 3?
-2111201121
What is -3a37a (base 11) in base 4?
-32011103
453540545 (base 6) to base 4
133222330301
-122531 (base 6) to base 14
-4019
What is 3201201123 (base 4) in base 11?
581023
Convert -145634 (base 10) to base 16.
-238e2
What is -2030214 (base 5) in base 15?
-9c74
Convert 21511221 (base 6) to base 16.
9df5d
101100100001111001101 (base 2) to base 8
5441715
Convert -102012322112 (base 4) to base 16.
-486e96
What is 1233312333 (base 4) in base 7?
3615534
Convert -9c7cc8 (base 16) to base 5.
-10111134220
What is 712220 (base 10) in base 4?
2231320130
84d04 (base 14) to base 7
2504304
What is -253cd (base 15) in base 10?
-118993
Convert -101100000101110110100 (base 2) to base 3.
-2201101212200
Convert -440442421 (base 6) to base 4.
-132002220031
What is 9cc5b2 (base 13) in base 6?
211315523
Convert 2400013132 (base 5) to base 13.
1196883
Convert 477991 (base 11) to base 12.
306239
What is -305520 (base 8) in base 14?
-28c48
Convert -169a1 (base 13) to base 9.
-65466
What is -201122100101 (base 3) in base 11?
-244526
-4042991 (base 11) to base 15
-9631c4
Convert -80926e (base 15) to base 7.
-102620354
-23433033 (base 5) to base 9
-361803
-12020404222 (base 5) to base 9
-28035476
What is 412a2 (base 11) in base 13?
21567
3192645 (base 11) to base 8
25316674
What is -168694 (base 10) in base 12?
-8175a
-1001000011110101000100 (base 2) to base 3
-11110122212020
-5516b (base 12) to base 7
-646061
Convert -3ac11 (base 13) to base 15.
-22780
Convert 541100 (base 6) to base 4.
22310130
What is 561a02 (base 12) in base 7?
14442155
What is 5d0c5 (base 14) in base 12?
aba99
-1062323 (base 8) to base 13
-a10b5
Convert 5525 (base 13) to base 12.
6a45
Convert b5773 (base 15) to base 3.
1002020100100
Convert -10537 (base 8) to base 7.
-15652
-222220023 (base 4) to base 11
-10a200
11a159 (base 12) to base 3
112120202220
What is -111101010110111000 (base 2) in base 4?
-331112320
Convert 5697db (base 14) to base 7.
34016364
What is 61300405 (base 8) in base 2?
110001011000000100000101
Convert 1456226 (base 7) to base 14.
52786
Convert 10000000000001 (base 2) to base 14.
2db3
Convert -662130 (base 7) to base 14.
-303c0
Convert -2221323 (base 4) to base 10.
-10875
What is 15bb973 (base 13) in base 14?
d0b6b1
Convert -3226064 (base 7) to base 6.
-12233335
What is 10010111001111011001101 (base 2) in base 8?
22717315
What is -12330a7 (base 14) in base 9?
-17373608
What is 40041632 (base 7) in base 2?
1100100110101111110100
2313434 (base 9) to base 11
783545
167e8 (base 16) to base 10
92136
Convert ed0b2 (base 15) to base 5.
143042132
Convert -3662b (base 15) to base 7.
-1321610
5363744 (base 8) to base 4
11132133210
1643 (base 10) to base 11
1264
Convert -162712 (base 9) to base 13.
-36950
3101104 (base 9) to base 4
12103312222
What is 3055000 (base 6) in base 15?
2daa3
-331600 (base 9) to base 6
-4124513
What is 130120130122 (base 4) in base 13?
1706677
What is 1126612 (base 7) in base 14?
39879
What is 1829068 (base 10) in base 3?
10102221000021
Convert 3a8975 (base 11) to base 15.
ca08c
-130440 (base 6) to base 7
-46332
What is 220721 (base 9) in base 6?
2454114
-3becc (base 16) to base 10
-245452
Convert -47b55a (base 12) to base 16.
-11b456
Convert 1016224 (base 8) to base 6.
5435300
Convert 10010011110011000011 (base 2) to base 16.
93cc3
What is -2077c (base 13) in base 12?
-29974
What is -112120 (base 3) in base 9?
-476
-130260 (base 12) to base 2
-1001100000001101000
-103323210 (base 4) to base 9
-133876
Convert -137561 (base 15) to base 3.
-1202120002001
What is -16707 (base 9) in base 12?
-67b1
Convert 63c041 (base 14) to base 16.
338049
What is 70820 (base 10) in base 13?
26309
-10022200001 (base 3) to base 14
-19b72
a8973 (base 14) to base 4
1203212221
-11101101011000111001010 (base 2) to base 5
-3442410022
-212303120 (base 4) to base 5
-20041221
What is 3325a8 (base 11) in base 6?
15211501
21134046 (base 7) to base 11
1012a70
400335 (base 7) to base 2
10000011101001001
What is 11010111111000101 (base 2) in base 7?
640153
Convert -12769 (base 16) to base 4.
-102131221
4178741 (base 9) to base 12
8ba7b4
Convert -202011121020 (base 3) to base 2.
-1100000111011010110
-33995 (base 10) to base 2
-1000010011001011
-539041 (base 10) to base 2
-10000011100110100001
What is 102627 (base 9) in base 10?
61018
What is 31111122 (base 4) in base 14?
15c94
Convert 323551045 (base 6) to base 10.
5784293
880ce8 (base 15) to base 3
110012100220002
21add3 (base 14) to base 12
472211
14944 (base 12) to base 10
28996
Convert -110050111 (base 6) to base 15.
-28c81a
Convert -31202032 (base 8) to base 12.
-2273162
-3204626 (base 7) to base 6
-12153235
Convert 656521 (base 9) to base 7.
3221362
9bb71 (base 12) to base 14
55793
What is -579691 (base 11) in base 14?
-19d695
Convert -d5a8a (base 14) to base 12.
-20a1a2
What is 58191 (base 16) in base 12?
1549a9
30121303 (base 4) to base 14
1472b
-21031300203 (base 4) to base 11
-13aaa07
1931781 (base 11) to base 7
36525252
45600430 (base 8) to base 10
9896216
d6dc (base 14) to base 6
443254
-100000100001101101101111 (base 2) to base 4
-200201231233
315433505 (base 6) to base 9
11456125
What is -11100010000001100 (base 2) in base 11?
-79a44
-3626501 (base 7) to base 13
-131a26
What is -3986d (base 15) in base 12?
-8a6a1
171b2 (base 15) to base 13
27c89
1068837 (base 9) to base 2
10001100111100101001
What is 5426540 (base 7) in base 13?
1a2799
Convert -37702304 (base 9) to base 16.
-11a0b4a
What is -3740 (base 16) in base 13?
-6590
Convert 2214235 (base 6) to base 5.
12023434
Convert 10436240 (base 8) to base 14.
425996
66299b (base 13) to base 3
11112012021021
What is 15a92 (base 15) in base 6?
1255315
87bac (base 16) to base 10
555948
-234506 (base 8) to base 13
-2a671
What is 8bb5 (base 13) in base 12?
b3bb
-1492999 (base 10) to base 6
-52000011
What is 6a930 (base 14) in base 6?
5322302
What is -12765041 (base 8) in base 14?
-54cb85
-3210103 (base 5) to base 4
-31020102
Convert 99d0 (base 14) to base 11.
19020
What is -150202452 (base 6) in base 3?
-12211021011112
What is -3a50187 (base 11) in base 16?
-6aca56
Convert -5313212 (base 6) to base 11.
-167350
Convert -6455663 (base 7) to base 8.
-3001355
-10010010110111001011 (base 2) to base 15
-bd382
What is 252421 (base 8) in base 5?
10243223
Convert -121000022100220 (base 3) to base 13.
-19bc105
What is a2892 (base 11) in base 12?
72a79
Convert -1b2b86 (base 12) to base 5.
-110411240
Convert 108796 (base 11) to base 16.
2a26b
-413420414 (base 6) to base 7
-114651154
What is 2323412 (base 5) in base 14?
11617
What is -ca7c3 (base 15) in base 11?
-3aa113
Convert -11425433 (base 6) to base 8.
-1302075
1188733 (base 10) to base 2
100100010001101111101
What is -102030320110 (base 4) in base 5?
-2210140343
Convert -28769 (base 10) to base 8.
-70141
Convert -64c22 (base 14) to base 16.
-3b88e
Convert -10000110110010011010111 (base 2) to base 11.
-2547397
Convert -3034116 (base 8) to base 10.
-800846
What is -b404a (base 14) in base 12